{"id":63,"name":"wezwanie-do-odbioru-depozytu-po-zm-pani-elzbiecie-lazar","title":"Wezwanie do odbioru depozytu po zm. Pani El\u017cbiecie Lazar.","desc":"","header":"Wezwanie do odbioru depozytu po zm. Pani El\u017cbiecie Lazar.","lead":"","keywords":"","changes":"Migracja danych.","menu":"","path":"\/ogloszenia\/wezwanie-do-odbioru-depozytu-po-zm-pani-elzbiecie-lazar.html","url":"\/ogloszenia\/wezwanie-do-odbioru-depozytu-po-zm-pani-elzbiecie-lazar.html","infoOwner":"Wojew\u00f3dzki Szpital Neuropsychiatryczny im. dr. Emila Cyrana z siedzib\u0105 w Lubli\u0144cu","dateFirstPublicate":"2025-04-09 12:19:09","dateLastVersionPublicate":"2025-04-09 12:19:09","dateAvailableFrom":"","dateAvailableTo":"","type":"jednostki_Zwyk\u0142a","pageParams":[],"components":[{"id":"93bb94fe-7312-11e9-90c1-000c290e6fc2","type":"SectionDescription","name":"","description":"Zajawka sekcji","content":[]},{"id":"93bbe8e3-7312-11e9-90c1-000c290e6fc2","type":"PageTitle","name":"Tytu\u0142 strony","description":"Tytu\u0142 strony","content":{"title":"Wezwanie do odbioru depozytu po zm. Pani El\u017cbiecie Lazar."}},{"id":"93bc435c-7312-11e9-90c1-000c290e6fc2","type":"PageDescription","name":"","description":"Zajawka strony","content":[]},{"id":"93bcef8e-7312-11e9-90c1-000c290e6fc2","type":"ContentWYSIWYG","name":"Tre\u015b\u0107","description":"Tre\u015b\u0107 strony","content":{"content":"","promotion":false}},{"id":"93bd42ce-7312-11e9-90c1-000c290e6fc2","type":"Gallery","name":"Galeria","description":"Galeria"},{"id":"93bd956b-7312-11e9-90c1-000c290e6fc2","type":"Attachment","name":"Za\u0142\u0105czniki","description":"Za\u0142\u0105czniki do strony","content":[{"src":"\/resource\/82\/Wezwanie+do+odbioru+depozytu.pdf","extension":"PDF","name":"a021d26df6916ce9847c4c6b6546d8ed.pdf","size":"104.22 KB"}]},{"id":"d63e71ef-92cf-11f0-b976-00505697ccff","type":"PageThumbnail","name":"","description":"Miniaturka strony","content":[]}]}

Wezwanie do odbioru depozytu po zm. Pani Elżbiecie Lazar.

Wojewódzki Szpital Neuropsychiatryczny im. dr. Emila Cyrana z siedzibą w Lublińcu

jednostki_Zwykła

Tytuł strony

Treść

Treść strony

Załączniki

Załączniki do strony
