{"id":89,"name":"ochrona-danych-osobowych","title":"Ochrona Danych Osobowych","desc":"","header":"Ochrona Danych Osobowych","lead":"Ochrona Danych Osobowych","keywords":"","changes":"dodano rozszerzenia do plik\u00f3w.","menu":"","path":"\/ochrona-danych-osobowych.html","url":"\/ochrona-danych-osobowych.html","infoOwner":"Wojew\u00f3dzki Szpital Neuropsychiatryczny im. dr. Emila Cyrana z siedzib\u0105 w Lubli\u0144cu","dateFirstPublicate":"2025-05-06 12:18:12","dateLastVersionPublicate":"2025-08-27 09:37:02","dateAvailableFrom":"2025-05-06 12:18:07","dateAvailableTo":"","type":"jednostki_Zwyk\u0142a","pageParams":[],"components":[{"id":"93bb94fe-7312-11e9-90c1-000c290e6fc2","type":"SectionDescription","name":"","description":"Zajawka sekcji","content":[]},{"id":"93bbe8e3-7312-11e9-90c1-000c290e6fc2","type":"PageTitle","name":"Tytu\u0142 strony","description":"Tytu\u0142 strony","content":{"title":"Ochrona Danych Osobowych"}},{"id":"93bc435c-7312-11e9-90c1-000c290e6fc2","type":"PageDescription","name":"","description":"Zajawka strony","content":{"desc":"Ochrona Danych Osobowych"}},{"id":"93bcef8e-7312-11e9-90c1-000c290e6fc2","type":"ContentWYSIWYG","name":"Tre\u015b\u0107","description":"Tre\u015b\u0107 strony","content":{"content":"\u003Cp\u003E\u00a0\u003C\/p\u003E\n\u003Cp\u003EInspektor Ochrony Danych: \u00a0\u00a0\u00a0\u00a0\u00a0 \u00a0\u003C\/p\u003E\n\u003Cp\u003Emgr. in\u017c. Artur Kostka\u003C\/p\u003E\n\u003Cp\u003Etel. +48\u00a0881\u00a0393\u00a0082\u003C\/p\u003E\n\u003Cp\u003Ee-mail: \u003Ca href=\u0022mailto:ido@wsnlc.pl\u0022\u003Eido@wsnlc.pl\u003C\/a\u003E\u003C\/p\u003E\n\u003Cp\u003E\u00a0\u00a0\u00a0\u00a0\u00a0\u00a0\u00a0\u00a0\u00a0\u00a0\u00a0\u00a0\u00a0\u00a0\u00a0 \u00a0\u00a0\u00a0\u00a0\u00a0\u00a0\u00a0\u00a0\u00a0\u00a0\u00a0\u00a0\u00a0\u00a0\u00a0\u00a0\u00a0\u00a0\u00a0\u00a0\u00a0\u00a0\u00a0\u00a0\u00a0\u00a0\u00a0\u00a0\u00a0\u00a0\u00a0\u00a0\u00a0\u00a0\u00a0\u00a0\u00a0\u00a0\u00a0\u00a0\u00a0\u00a0\u00a0\u00a0\u00a0\u00a0 Obowi\u0105zek informacyjny\u003C\/p\u003E\n\u003Cul\u003E\n\u003Cli\u003E\u003Ca href=\u0022https:\/\/wsnlubliniec-bip.slaskie.pl\/resource\/113\/Klauzula+informacja+og%25C3%25B3lna.pdf\u0022\u003EKlauzula informacyjna.pdf\u003C\/a\u003E\u003C\/li\u003E\n\u003Cli\u003E\u003Ca href=\u0022https:\/\/wsnlc.pl\/wp-content\/uploads\/2021\/09\/Klauzula-informacyjna-dla-korespondencji-elektronicznej.pdf\u0022\u003EKlauzula informacyjna w zwi\u0105zku z korespondencja.pdf\u003C\/a\u003E\u003C\/li\u003E\n\u003Cli\u003E\u003Ca href=\u0022https:\/\/wsnlc.pl\/wp-content\/uploads\/2021\/09\/Klauzula-informacyjna-dla-pacjent%C3%B3w.pdf\u0022\u003EKlauzula informacyjna dla Pacjent\u00f3w.pdf\u003C\/a\u003E\u003C\/li\u003E\n\u003Cli\u003E\u003Ca href=\u0022https:\/\/wsnlc.pl\/wp-content\/uploads\/2021\/09\/Klauzula-informacyjna-zwi%C4%85zana-z-dost%C4%99pem-do-informacji-publicznej-AK.pdf\u0022\u003EKlauzula informacyjna w zakresie dost\u0119pu do informacji publicznej.pdf\u003C\/a\u003E\u003C\/li\u003E\n\u003Cli\u003E\u003Ca href=\u0022https:\/\/wsnlc.pl\/wp-content\/uploads\/2025\/04\/Klauzula-informacyjna-dot.-monitoringu-BIP-i-www.pdf\u0022\u003EKlauzula informacyjna w zakresie monitoringu wizyjnego.pdf\u003C\/a\u003E\u003C\/li\u003E\n\u003Cli\u003E\u003Ca href=\u0022https:\/\/wsnlc.pl\/wp-content\/uploads\/2025\/04\/Klauzula-informacyjna-zapyta%C5%84-ofertowych-w-ramach-PZP.pdf\u0022\u003EKlauzula dla zapyta\u0144 ofertowych podlegaj\u0105cych pod Prawo Zam\u00f3wie\u0144 Publicznych.pdf\u003C\/a\u003E\u003C\/li\u003E\n\u003Cli\u003E\u003Ca href=\u0022https:\/\/wsnlc.pl\/wp-content\/uploads\/2025\/04\/Klauzula-informacyjna-zapyta%C5%84-ofertowych-wy%C5%82%C4%85czonych-z-PZP.pdf\u0022\u003EKlauzula informacyjna dla zapyta\u0144 ofertowych wy\u0142\u0105czonych ze stosowania Prawa Zam\u00f3wie\u0144 Publicznych.pdf\u003C\/a\u003E\u003C\/li\u003E\n\u003Cli\u003E\u003Ca href=\u0022https:\/\/wsnlc.pl\/ochrona-danych-osobowych-rodo\/\u0022\u003EPozosta\u0142e klauzule informacyjne.pdf\u003C\/a\u003E\u003C\/li\u003E\n\u003C\/ul\u003E\n\u003Cp\u003E\u00a0\u003C\/p\u003E\n\u003Cp\u003E\u00a0\u003C\/p\u003E\n\u003Cp\u003E\u00a0\u003C\/p\u003E","promotion":false}},{"id":"93bd42ce-7312-11e9-90c1-000c290e6fc2","type":"Gallery","name":"Galeria","description":"Galeria"},{"id":"93bd956b-7312-11e9-90c1-000c290e6fc2","type":"Attachment","name":"Za\u0142\u0105czniki","description":"Za\u0142\u0105czniki do strony","content":[{"src":"\/resource\/113\/Klauzula+informacja+og%25C3%25B3lna.pdf","extension":"PDF","name":"bbf1f57e8ca9b379b7aa73cfb3f4ed03.pdf","size":"583.8 KB"}]},{"id":"d63e71ef-92cf-11f0-b976-00505697ccff","type":"PageThumbnail","name":"","description":"Miniaturka strony","content":[]}]}

dodano rozszerzenia do plików.

Wojewódzki Szpital Neuropsychiatryczny im. dr. Emila Cyrana z siedzibą w Lublińcu

jednostki_Zwykła

Tytuł strony

Treść

Treść strony

<p> </p>
<p>Inspektor Ochrony Danych:        </p>
<p>mgr. inż. Artur Kostka</p>
<p>tel. +48 881 393 082</p>
<p>e-mail: <a href="mailto:ido@wsnlc.pl">ido@wsnlc.pl</a></p>
<p>                                                               Obowiązek informacyjny</p>
<ul>
<li><a href="https://wsnlubliniec-bip.slaskie.pl/resource/113/Klauzula+informacja+og%25C3%25B3lna.pdf">Klauzula informacyjna.pdf</a></li>
<li><a href="https://wsnlc.pl/wp-content/uploads/2021/09/Klauzula-informacyjna-dla-korespondencji-elektronicznej.pdf">Klauzula informacyjna w związku z korespondencja.pdf</a></li>
<li><a href="https://wsnlc.pl/wp-content/uploads/2021/09/Klauzula-informacyjna-dla-pacjent%C3%B3w.pdf">Klauzula informacyjna dla Pacjentów.pdf</a></li>
<li><a href="https://wsnlc.pl/wp-content/uploads/2021/09/Klauzula-informacyjna-zwi%C4%85zana-z-dost%C4%99pem-do-informacji-publicznej-AK.pdf">Klauzula informacyjna w zakresie dostępu do informacji publicznej.pdf</a></li>
<li><a href="https://wsnlc.pl/wp-content/uploads/2025/04/Klauzula-informacyjna-dot.-monitoringu-BIP-i-www.pdf">Klauzula informacyjna w zakresie monitoringu wizyjnego.pdf</a></li>
<li><a href="https://wsnlc.pl/wp-content/uploads/2025/04/Klauzula-informacyjna-zapyta%C5%84-ofertowych-w-ramach-PZP.pdf">Klauzula dla zapytań ofertowych podlegających pod Prawo Zamówień Publicznych.pdf</a></li>
<li><a href="https://wsnlc.pl/wp-content/uploads/2025/04/Klauzula-informacyjna-zapyta%C5%84-ofertowych-wy%C5%82%C4%85czonych-z-PZP.pdf">Klauzula informacyjna dla zapytań ofertowych wyłączonych ze stosowania Prawa Zamówień Publicznych.pdf</a></li>
<li><a href="https://wsnlc.pl/ochrona-danych-osobowych-rodo/">Pozostałe klauzule informacyjne.pdf</a></li>
</ul>
<p> </p>
<p> </p>
<p> </p>

Załączniki

Załączniki do strony
