{"id":92,"name":"nabor-pracownikow","title":"Nab\u00f3r pracownik\u00f3w","desc":"","header":"Nab\u00f3r pracownik\u00f3w","lead":"","keywords":"","changes":"Dodanie informacji.","menu":"Nab\u00f3r pracownik\u00f3w","path":"\/nabor-pracownikow.html","url":"\/nabor-pracownikow.html","infoOwner":"Wojew\u00f3dzki Szpital Neuropsychiatryczny im. dr. Emila Cyrana z siedzib\u0105 w Lubli\u0144cu","dateFirstPublicate":"2025-07-17 08:51:15","dateLastVersionPublicate":"2025-07-17 08:51:15","dateAvailableFrom":"2025-07-17 08:50:03","dateAvailableTo":"","type":"jednostki_Zwyk\u0142a","pageParams":[],"components":[{"id":"93bb94fe-7312-11e9-90c1-000c290e6fc2","type":"SectionDescription","name":"","description":"Zajawka sekcji","content":[]},{"id":"93bbe8e3-7312-11e9-90c1-000c290e6fc2","type":"PageTitle","name":"Tytu\u0142 strony","description":"Tytu\u0142 strony","content":{"title":"Nab\u00f3r pracownik\u00f3w"}},{"id":"93bc435c-7312-11e9-90c1-000c290e6fc2","type":"PageDescription","name":"","description":"Zajawka strony","content":[]},{"id":"93bcef8e-7312-11e9-90c1-000c290e6fc2","type":"ContentWYSIWYG","name":"Tre\u015b\u0107","description":"Tre\u015b\u0107 strony","content":{"content":"\u003Ch3 style=\u0022text-align: center;\u0022\u003E\u003Cstrong\u003EOdno\u015bnik do strony:\u003C\/strong\u003E\u003C\/h3\u003E\n\u003Ch3 style=\u0022text-align: center;\u0022\u003E\u003Cstrong\u003E\u003Ca href=\u0022https:\/\/wsnlc.pl\/praca\/\u0022 title=\u0022https:\/\/wsnlc.pl\/praca\/\u0022 target=\u0022_self\u0022\u003Ewsnlc.pl - Praca\u003C\/a\u003E\u003C\/strong\u003E\u003C\/h3\u003E","promotion":false}},{"id":"93bd42ce-7312-11e9-90c1-000c290e6fc2","type":"Gallery","name":"Galeria","description":"Galeria"},{"id":"93bd956b-7312-11e9-90c1-000c290e6fc2","type":"Attachment","name":"Za\u0142\u0105czniki","description":"Za\u0142\u0105czniki do strony"},{"id":"d63e71ef-92cf-11f0-b976-00505697ccff","type":"PageThumbnail","name":"","description":"Miniaturka strony","content":[]}]}

Nabór pracowników

Wojewódzki Szpital Neuropsychiatryczny im. dr. Emila Cyrana z siedzibą w Lublińcu

jednostki_Zwykła

Tytuł strony

Treść

Treść strony

<h3 style="text-align: center;"><strong>Odnośnik do strony:</strong></h3>
<h3 style="text-align: center;"><strong><a href="https://wsnlc.pl/praca/" title="https://wsnlc.pl/praca/" target="_self">wsnlc.pl - Praca</a></strong></h3>

Załączniki

Załączniki do strony
