{"id":56,"name":"raport-o-sytuacji-ekonomiczno-finansowej-wojewodzkiego-szpitala-neuropsychiatrycznego-w-lublincu-za-2022-rok","title":"Raport o sytuacji ekonomiczno-finansowej Wojew\u00f3dzkiego Szpitala Neuropsychiatrycznego w Lubli\u0144cu za 2022 rok","desc":"","header":"Raport o sytuacji ekonomiczno-finansowej Wojew\u00f3dzkiego Szpitala Neuropsychiatrycznego w Lubli\u0144cu za 2022 rok","lead":"","keywords":"","changes":"Migracja danych","menu":"","path":"\/majatek\/raport-o-sytuacji-ekonomiczno-finansowej-wojewodzkiego-szpitala-neuropsychiatrycznego-w-lublincu-za-2022-rok.html","url":"\/majatek\/raport-o-sytuacji-ekonomiczno-finansowej-wojewodzkiego-szpitala-neuropsychiatrycznego-w-lublincu-za-2022-rok.html","infoOwner":"Wojew\u00f3dzki Szpital Neuropsychiatryczny im. dr. Emila Cyrana z siedzib\u0105 w Lubli\u0144cu","dateFirstPublicate":"2025-04-09 09:26:35","dateLastVersionPublicate":"2025-04-09 09:26:35","dateAvailableFrom":"","dateAvailableTo":"","type":"jednostki_Zwyk\u0142a","pageParams":[],"components":[{"id":"93bb94fe-7312-11e9-90c1-000c290e6fc2","type":"SectionDescription","name":"","description":"Zajawka sekcji","content":[]},{"id":"93bbe8e3-7312-11e9-90c1-000c290e6fc2","type":"PageTitle","name":"Tytu\u0142 strony","description":"Tytu\u0142 strony","content":{"title":"Raport o sytuacji ekonomiczno-finansowej Wojew\u00f3dzkiego Szpitala Neuropsychiatrycznego w Lubli\u0144cu za 2022 rok"}},{"id":"93bc435c-7312-11e9-90c1-000c290e6fc2","type":"PageDescription","name":"","description":"Zajawka strony","content":[]},{"id":"93bcef8e-7312-11e9-90c1-000c290e6fc2","type":"ContentWYSIWYG","name":"Tre\u015b\u0107","description":"Tre\u015b\u0107 strony","content":{"content":"","promotion":false}},{"id":"93bd42ce-7312-11e9-90c1-000c290e6fc2","type":"Gallery","name":"Galeria","description":"Galeria"},{"id":"93bd956b-7312-11e9-90c1-000c290e6fc2","type":"Attachment","name":"Za\u0142\u0105czniki","description":"Za\u0142\u0105czniki do strony","content":[{"src":"\/resource\/74\/Raport+o+sytuacji+ekonomiczno+finansowej+WSN+za+2022.pdf","extension":"PDF","name":"5c7e9d3d51ca3802d48ac6579e3d71e6.pdf","size":"1.44 MB"}]},{"id":"d63e71ef-92cf-11f0-b976-00505697ccff","type":"PageThumbnail","name":"","description":"Miniaturka strony","content":[]}]}

Raport o sytuacji ekonomiczno-finansowej Wojewódzkiego Szpitala Neuropsychiatrycznego w Lublińcu za 2022 rok

Wojewódzki Szpital Neuropsychiatryczny im. dr. Emila Cyrana z siedzibą w Lublińcu

jednostki_Zwykła

Tytuł strony

Treść

Treść strony

Załączniki

Załączniki do strony
