{"id":16,"name":"majatek","title":"Maj\u0105tek","desc":"","header":"Maj\u0105tek","lead":"","keywords":"","changes":"Dodano za\u0142\u0105cznik","menu":"","path":"\/majatek\/majatek.html","url":"\/majatek\/majatek.html","infoOwner":"Wojew\u00f3dzki Szpital Neuropsychiatryczny im. dr. Emila Cyrana z siedzib\u0105 w Lubli\u0144cu","dateFirstPublicate":"2021-08-12 13:26:56","dateLastVersionPublicate":"2025-06-05 14:59:13","dateAvailableFrom":"2021-08-12 13:26:46","dateAvailableTo":"","type":"jednostki_Zwyk\u0142a","pageParams":[],"components":[{"id":"71543148-7315-11e9-90c1-000c290e6fc2","type":"PageTitle","name":"Tytu\u0142 strony","description":"Tytu\u0142 strony","content":{"title":"Maj\u0105tek"}},{"id":"715485e4-7315-11e9-90c1-000c290e6fc2","type":"PageDescription","name":"","description":"Zajawka strony","content":[]},{"id":"7154db05-7315-11e9-90c1-000c290e6fc2","type":"ContentWYSIWYG","name":"Tre\u015b\u0107","description":"Tre\u015b\u0107 strony","content":{"content":"","promotion":false}},{"id":"71557d35-7315-11e9-90c1-000c290e6fc2","type":"Gallery","name":"Galeria","description":"Galeria"},{"id":"7155cfa2-7315-11e9-90c1-000c290e6fc2","type":"Attachment","name":"Za\u0142\u0105czniki","description":"Za\u0142\u0105czniki do strony","content":[{"src":"\/resource\/22\/Maj%25C4%2585tek+Szpitala.pdf","extension":"PDF","name":"ece91dc31f970f9f9e304cd1735a4104.pdf","size":"405.55 KB"}]}]}

Majątek

Dodano załącznik

Wojewódzki Szpital Neuropsychiatryczny im. dr. Emila Cyrana z siedzibą w Lublińcu

jednostki_Zwykła

Tytuł strony

Treść

Treść strony

Załączniki

Załączniki do strony
