{"id":73,"name":"konkurs-na-stanowisko-pielegniarki-oddzialowej-zakladu-opiekunczo-leczniczego-psychiatrycznego---odcinek-a-w-wojewodzkim-szpitalu-neuropsychiatrycznym-im-dr-emila-cyrana-w-lublincu","title":"Konkurs na stanowisko Piel\u0119gniarki Oddzia\u0142owej Zak\u0142adu Opieku\u0144czo-Leczniczego Psychiatrycznego - Odcinek A w Wojew\u00f3dzkim Szpitalu Neuropsychiatrycznym im. dr. Emila Cyrana w Lubli\u0144cu.","desc":"","header":"Konkurs na stanowisko Piel\u0119gniarki Oddzia\u0142owej Zak\u0142adu Opieku\u0144czo-Leczniczego Psychiatrycznego - Odcinek A w Wojew\u00f3dzkim Szpitalu Neuropsychiatrycznym im. dr. Emila Cyrana w Lubli\u0144cu.","lead":"","keywords":"","changes":"Migracja danych","menu":"","path":"\/konkursy-i-zapytania-ofertowe\/konkursynastanowiska\/konkurs-na-stanowisko-pielegniarki-oddzialowej-zakladu-opiekunczo-leczniczego-psychiatrycznego---odcinek-a-w-wojewodzkim-szpitalu-neuropsychiatrycznym-im-dr-emila-cyrana-w-lublincu.html","url":"\/konkursy-i-zapytania-ofertowe\/konkursynastanowiska\/konkurs-na-stanowisko-pielegniarki-oddzialowej-zakladu-opiekunczo-leczniczego-psychiatrycznego---odcinek-a-w-wojewodzkim-szpitalu-neuropsychiatrycznym-im-dr-emila-cyrana-w-lublincu.html","infoOwner":"Wojew\u00f3dzki Szpital Neuropsychiatryczny im. dr. Emila Cyrana z siedzib\u0105 w Lubli\u0144cu","dateFirstPublicate":"2025-04-09 13:22:22","dateLastVersionPublicate":"2025-04-09 13:22:22","dateAvailableFrom":"","dateAvailableTo":"","type":"jednostki_Zwyk\u0142a","pageParams":[],"components":[{"id":"93bb94fe-7312-11e9-90c1-000c290e6fc2","type":"SectionDescription","name":"","description":"Zajawka sekcji","content":[]},{"id":"93bbe8e3-7312-11e9-90c1-000c290e6fc2","type":"PageTitle","name":"Tytu\u0142 strony","description":"Tytu\u0142 strony","content":{"title":"Konkurs na stanowisko Piel\u0119gniarki Oddzia\u0142owej Zak\u0142adu Opieku\u0144czo-Leczniczego Psychiatrycznego - Odcinek A w Wojew\u00f3dzkim Szpitalu Neuropsychiatrycznym im. dr. Emila Cyrana w Lubli\u0144cu."}},{"id":"93bc435c-7312-11e9-90c1-000c290e6fc2","type":"PageDescription","name":"","description":"Zajawka strony","content":[]},{"id":"93bcef8e-7312-11e9-90c1-000c290e6fc2","type":"ContentWYSIWYG","name":"Tre\u015b\u0107","description":"Tre\u015b\u0107 strony","content":{"content":"","promotion":false}},{"id":"93bd42ce-7312-11e9-90c1-000c290e6fc2","type":"Gallery","name":"Galeria","description":"Galeria"},{"id":"93bd956b-7312-11e9-90c1-000c290e6fc2","type":"Attachment","name":"Za\u0142\u0105czniki","description":"Za\u0142\u0105czniki do strony","content":[{"src":"\/resource\/92\/Og%25C5%2582oszenie_o_konkursie%25285%2529.pdf","extension":"PDF","name":"29b3e9578ca6e5aca368f89b9494a8c2.pdf","size":"446.87 KB"},{"src":"\/resource\/92\/Informacja_o_zako%25C5%2584czonym_konkursie_ZOL_A.pdf","extension":"PDF","name":"27667382841451a46462e251e90b677c.pdf","size":"560.47 KB"}]},{"id":"d63e71ef-92cf-11f0-b976-00505697ccff","type":"PageThumbnail","name":"","description":"Miniaturka strony","content":[]}]}

Konkurs na stanowisko Pielęgniarki Oddziałowej Zakładu Opiekuńczo-Leczniczego Psychiatrycznego - Odcinek A w Wojewódzkim Szpitalu Neuropsychiatrycznym im. dr. Emila Cyrana w Lublińcu.

Wojewódzki Szpital Neuropsychiatryczny im. dr. Emila Cyrana z siedzibą w Lublińcu

jednostki_Zwykła

Tytuł strony

Treść

Treść strony

Załączniki

Załączniki do strony
