{"id":74,"name":"konkurs-na-stanowisko-pielegniarki-oddzialowej-oddzialu-terapii-uzaleznienia-od-alkoholu-z-pododdzialem-dla-kobiet-w-wojewodzkim-szpitalu-neuropsychiatrycznym-im-dr-emila-cyrana-w-lublincu","title":"Konkurs na stanowisko Piel\u0119gniarki Oddzia\u0142owej Oddzia\u0142u Terapii Uzale\u017cnienia od Alkoholu z pododdzia\u0142em dla kobiet w Wojew\u00f3dzkim Szpitalu Neuropsychiatrycznym im. dr. Emila Cyrana w Lubli\u0144cu.","desc":"","header":"Konkurs na stanowisko Piel\u0119gniarki Oddzia\u0142owej Oddzia\u0142u Terapii Uzale\u017cnienia od Alkoholu z pododdzia\u0142em dla kobiet w Wojew\u00f3dzkim Szpitalu Neuropsychiatrycznym im. dr. Emila Cyrana w Lubli\u0144cu.","lead":"","keywords":"","changes":"Dodanie za\u0142\u0105cznika","menu":"","path":"\/konkursy-i-zapytania-ofertowe\/konkursynastanowiska\/konkurs-na-stanowisko-pielegniarki-oddzialowej-oddzialu-terapii-uzaleznienia-od-alkoholu-z-pododdzialem-dla-kobiet-w-wojewodzkim-szpitalu-neuropsychiatrycznym-im-dr-emila-cyrana-w-lublincu.html","url":"\/konkursy-i-zapytania-ofertowe\/konkursynastanowiska\/konkurs-na-stanowisko-pielegniarki-oddzialowej-oddzialu-terapii-uzaleznienia-od-alkoholu-z-pododdzialem-dla-kobiet-w-wojewodzkim-szpitalu-neuropsychiatrycznym-im-dr-emila-cyrana-w-lublincu.html","infoOwner":"Wojew\u00f3dzki Szpital Neuropsychiatryczny im. dr. Emila Cyrana z siedzib\u0105 w Lubli\u0144cu","dateFirstPublicate":"2025-04-09 13:31:02","dateLastVersionPublicate":"2025-04-10 08:02:41","dateAvailableFrom":"","dateAvailableTo":"","type":"jednostki_Zwyk\u0142a","pageParams":[],"components":[{"id":"93bb94fe-7312-11e9-90c1-000c290e6fc2","type":"SectionDescription","name":"","description":"Zajawka sekcji","content":[]},{"id":"93bbe8e3-7312-11e9-90c1-000c290e6fc2","type":"PageTitle","name":"Tytu\u0142 strony","description":"Tytu\u0142 strony","content":{"title":"Konkurs na stanowisko Piel\u0119gniarki Oddzia\u0142owej Oddzia\u0142u Terapii Uzale\u017cnienia od Alkoholu z pododdzia\u0142em dla kobiet w Wojew\u00f3dzkim Szpitalu Neuropsychiatrycznym im. dr. Emila Cyrana w Lubli\u0144cu."}},{"id":"93bc435c-7312-11e9-90c1-000c290e6fc2","type":"PageDescription","name":"","description":"Zajawka strony","content":[]},{"id":"93bcef8e-7312-11e9-90c1-000c290e6fc2","type":"ContentWYSIWYG","name":"Tre\u015b\u0107","description":"Tre\u015b\u0107 strony","content":{"content":"","promotion":false}},{"id":"93bd42ce-7312-11e9-90c1-000c290e6fc2","type":"Gallery","name":"Galeria","description":"Galeria"},{"id":"93bd956b-7312-11e9-90c1-000c290e6fc2","type":"Attachment","name":"Za\u0142\u0105czniki","description":"Za\u0142\u0105czniki do strony","content":[{"src":"\/resource\/93\/Og%25C5%2582oszenie_o_konkursie-2.pdf","extension":"PDF","name":"986a31c12164cc2ad5398a701b592653.pdf","size":"673.14 KB"},{"src":"\/resource\/93\/Informacja_o_zako%25C5%2584czonym_OTUA.pdf","extension":"PDF","name":"3bf37969d134d323dc5f6bd364592d02.pdf","size":"606.55 KB"},{"src":"\/resource\/93\/Rozstrzygni%25C4%2599cie+konkursu_.pdf","extension":"PDF","name":"86680db39035f8e009aab1ae137f3c19.pdf","size":"801.63 KB"}]},{"id":"d63e71ef-92cf-11f0-b976-00505697ccff","type":"PageThumbnail","name":"","description":"Miniaturka strony","content":[]}]}

Konkurs na stanowisko Pielęgniarki Oddziałowej Oddziału Terapii Uzależnienia od Alkoholu z pododdziałem dla kobiet w Wojewódzkim Szpitalu Neuropsychiatrycznym im. dr. Emila Cyrana w Lublińcu.

Dodanie załącznika

Wojewódzki Szpital Neuropsychiatryczny im. dr. Emila Cyrana z siedzibą w Lublińcu

jednostki_Zwykła

Tytuł strony

Treść

Treść strony

Załączniki

Załączniki do strony
