{"id":79,"name":"konkurs-na-stanowisko-pielegniarki-oddzialowej-oddzialu-psychiatrycznego-ogolnego-iii-z-pododdzialem-terapii-pierwszych-epizodow-psychotycznych-w-wojewodzkim-szpitalu-neuropsychiatrycznym-im-dr-emila-cyrana-w-lublincu","title":"Konkurs na stanowisko Piel\u0119gniarki Oddzia\u0142owej Oddzia\u0142u Psychiatrycznego Og\u00f3lnego III z Pododdzia\u0142em Terapii Pierwszych Epizod\u00f3w Psychotycznych w Wojew\u00f3dzkim Szpitalu Neuropsychiatrycznym im. dr. Emila Cyrana w Lubli\u0144cu.","desc":"","header":"Konkurs na stanowisko Piel\u0119gniarki Oddzia\u0142owej Oddzia\u0142u Psychiatrycznego Og\u00f3lnego III z Pododdzia\u0142em Terapii Pierwszych Epizod\u00f3w Psychotycznych w Wojew\u00f3dzkim Szpitalu Neuropsychiatrycznym im. dr. Emila Cyrana w Lubli\u0144cu.","lead":"","keywords":"","changes":"Migracja danych","menu":"","path":"\/konkursy-i-zapytania-ofertowe\/konkursynastanowiska\/konkurs-na-stanowisko-pielegniarki-oddzialowej-oddzialu-psychiatrycznego-ogolnego-iii-z-pododdzialem-terapii-pierwszych-epizodow-psychotycznych-w-wojewodzkim-szpitalu-neuropsychiatrycznym-im-dr-emila-cyrana-w-lublincu.html","url":"\/konkursy-i-zapytania-ofertowe\/konkursynastanowiska\/konkurs-na-stanowisko-pielegniarki-oddzialowej-oddzialu-psychiatrycznego-ogolnego-iii-z-pododdzialem-terapii-pierwszych-epizodow-psychotycznych-w-wojewodzkim-szpitalu-neuropsychiatrycznym-im-dr-emila-cyrana-w-lublincu.html","infoOwner":"Wojew\u00f3dzki Szpital Neuropsychiatryczny im. dr. Emila Cyrana z siedzib\u0105 w Lubli\u0144cu","dateFirstPublicate":"2025-04-09 14:14:25","dateLastVersionPublicate":"2025-04-09 14:14:25","dateAvailableFrom":"","dateAvailableTo":"","type":"jednostki_Zwyk\u0142a","pageParams":[],"components":[{"id":"93bb94fe-7312-11e9-90c1-000c290e6fc2","type":"SectionDescription","name":"","description":"Zajawka sekcji","content":[]},{"id":"93bbe8e3-7312-11e9-90c1-000c290e6fc2","type":"PageTitle","name":"Tytu\u0142 strony","description":"Tytu\u0142 strony","content":{"title":"Konkurs na stanowisko Piel\u0119gniarki Oddzia\u0142owej Oddzia\u0142u Psychiatrycznego Og\u00f3lnego III z Pododdzia\u0142em Terapii Pierwszych Epizod\u00f3w Psychotycznych w Wojew\u00f3dzkim Szpitalu Neuropsychiatrycznym im. dr. Emila Cyrana w Lubli\u0144cu."}},{"id":"93bc435c-7312-11e9-90c1-000c290e6fc2","type":"PageDescription","name":"","description":"Zajawka strony","content":[]},{"id":"93bcef8e-7312-11e9-90c1-000c290e6fc2","type":"ContentWYSIWYG","name":"Tre\u015b\u0107","description":"Tre\u015b\u0107 strony","content":{"content":"","promotion":false}},{"id":"93bd42ce-7312-11e9-90c1-000c290e6fc2","type":"Gallery","name":"Galeria","description":"Galeria"},{"id":"93bd956b-7312-11e9-90c1-000c290e6fc2","type":"Attachment","name":"Za\u0142\u0105czniki","description":"Za\u0142\u0105czniki do strony","content":[{"src":"\/resource\/98\/Og%25C5%2582oszenie_o_Konkursie_-_Oddzia%25C5%2582_III.pdf","extension":"PDF","name":"de5e4bbde2dfbe8704d8186edee3b2d8.pdf","size":"650.35 KB"},{"src":"\/resource\/98\/Rozstrzygni%25C4%2599cie_konkursu_III.pdf","extension":"PDF","name":"78082550250d51a73b4f774170a3535c.pdf","size":"661.11 KB"}]},{"id":"d63e71ef-92cf-11f0-b976-00505697ccff","type":"PageThumbnail","name":"","description":"Miniaturka strony","content":[]}]}

Konkurs na stanowisko Pielęgniarki Oddziałowej Oddziału Psychiatrycznego Ogólnego III z Pododdziałem Terapii Pierwszych Epizodów Psychotycznych w Wojewódzkim Szpitalu Neuropsychiatrycznym im. dr. Emila Cyrana w Lublińcu.

Wojewódzki Szpital Neuropsychiatryczny im. dr. Emila Cyrana z siedzibą w Lublińcu

jednostki_Zwykła

Tytuł strony

Treść

Treść strony

Załączniki

Załączniki do strony
