{"id":69,"name":"konkurs-na-stanowisko-pielegniarki-oddzialowej-oddzialu-psychiatrycznego-dla-dzieci-i-mlodziezy-w-wojewodzkim-szpitalu-neuropsychiatrycznym-im-dr-emila-cyrana-w-lublincu","title":"Konkurs na stanowisko Piel\u0119gniarki Oddzia\u0142owej Oddzia\u0142u Psychiatrycznego dla Dzieci i M\u0142odzie\u017cy w Wojew\u00f3dzkim Szpitalu Neuropsychiatrycznym im. dr. Emila Cyrana w Lubli\u0144cu.","desc":"","header":"Konkurs na stanowisko Piel\u0119gniarki Oddzia\u0142owej Oddzia\u0142u Psychiatrycznego dla Dzieci i M\u0142odzie\u017cy w Wojew\u00f3dzkim Szpitalu Neuropsychiatrycznym im. dr. Emila Cyrana w Lubli\u0144cu.","lead":"","keywords":"","changes":"Migracja danych","menu":"","path":"\/konkursy-i-zapytania-ofertowe\/konkursynastanowiska\/konkurs-na-stanowisko-pielegniarki-oddzialowej-oddzialu-psychiatrycznego-dla-dzieci-i-mlodziezy-w-wojewodzkim-szpitalu-neuropsychiatrycznym-im-dr-emila-cyrana-w-lublincu.html","url":"\/konkursy-i-zapytania-ofertowe\/konkursynastanowiska\/konkurs-na-stanowisko-pielegniarki-oddzialowej-oddzialu-psychiatrycznego-dla-dzieci-i-mlodziezy-w-wojewodzkim-szpitalu-neuropsychiatrycznym-im-dr-emila-cyrana-w-lublincu.html","infoOwner":"Wojew\u00f3dzki Szpital Neuropsychiatryczny im. dr. Emila Cyrana z siedzib\u0105 w Lubli\u0144cu","dateFirstPublicate":"2025-04-09 13:05:10","dateLastVersionPublicate":"2025-04-09 13:05:10","dateAvailableFrom":"","dateAvailableTo":"","type":"jednostki_Zwyk\u0142a","pageParams":[],"components":[{"id":"93bb94fe-7312-11e9-90c1-000c290e6fc2","type":"SectionDescription","name":"","description":"Zajawka sekcji","content":[]},{"id":"93bbe8e3-7312-11e9-90c1-000c290e6fc2","type":"PageTitle","name":"Tytu\u0142 strony","description":"Tytu\u0142 strony","content":{"title":"Konkurs na stanowisko Piel\u0119gniarki Oddzia\u0142owej Oddzia\u0142u Psychiatrycznego dla Dzieci i M\u0142odzie\u017cy w Wojew\u00f3dzkim Szpitalu Neuropsychiatrycznym im. dr. Emila Cyrana w Lubli\u0144cu."}},{"id":"93bc435c-7312-11e9-90c1-000c290e6fc2","type":"PageDescription","name":"","description":"Zajawka strony","content":[]},{"id":"93bcef8e-7312-11e9-90c1-000c290e6fc2","type":"ContentWYSIWYG","name":"Tre\u015b\u0107","description":"Tre\u015b\u0107 strony","content":{"content":"","promotion":false}},{"id":"93bd42ce-7312-11e9-90c1-000c290e6fc2","type":"Gallery","name":"Galeria","description":"Galeria"},{"id":"93bd956b-7312-11e9-90c1-000c290e6fc2","type":"Attachment","name":"Za\u0142\u0105czniki","description":"Za\u0142\u0105czniki do strony","content":[{"src":"\/resource\/88\/Og%25C5%2582oszenie_o_konkursie%25281%2529.pdf","extension":"PDF","name":"dd008281c295ff97db96308802913051.pdf","size":"136.93 KB"},{"src":"\/resource\/88\/Rozstrzygni%25C4%2599cie_konkursu_PDM.pdf","extension":"PDF","name":"18d38d37023d1711c0f734405ec0c056.pdf","size":"201.18 KB"}]},{"id":"d63e71ef-92cf-11f0-b976-00505697ccff","type":"PageThumbnail","name":"","description":"Miniaturka strony","content":[]}]}

Konkurs na stanowisko Pielęgniarki Oddziałowej Oddziału Psychiatrycznego dla Dzieci i Młodzieży w Wojewódzkim Szpitalu Neuropsychiatrycznym im. dr. Emila Cyrana w Lublińcu.

Wojewódzki Szpital Neuropsychiatryczny im. dr. Emila Cyrana z siedzibą w Lublińcu

jednostki_Zwykła

Tytuł strony

Treść

Treść strony

Załączniki

Załączniki do strony
