{"id":44,"name":"informacje-o-jednostce","title":"Informacje o jednostce","desc":"","header":"Informacje o jednostce","lead":"","keywords":"","changes":"Aktualizacja dot. struktury instytucji.","menu":"","path":"\/informacje-o-jednostce.html","url":"\/informacje-o-jednostce.html","infoOwner":"Wojew\u00f3dzki Szpital Neuropsychiatryczny im. dr. Emila Cyrana z siedzib\u0105 w Lubli\u0144cu","dateFirstPublicate":"2024-10-16 10:08:56","dateLastVersionPublicate":"2025-04-15 11:01:38","dateAvailableFrom":"2024-10-16 10:08:52","dateAvailableTo":"","type":"jednostki_Zwyk\u0142a","pageParams":[],"components":[{"id":"93bb94fe-7312-11e9-90c1-000c290e6fc2","type":"SectionDescription","name":"","description":"Zajawka sekcji","content":[]},{"id":"93bbe8e3-7312-11e9-90c1-000c290e6fc2","type":"PageTitle","name":"Tytu\u0142 strony","description":"Tytu\u0142 strony","content":{"title":"Informacje o jednostce"}},{"id":"93bc435c-7312-11e9-90c1-000c290e6fc2","type":"PageDescription","name":"","description":"Zajawka strony","content":[]},{"id":"93bcef8e-7312-11e9-90c1-000c290e6fc2","type":"ContentWYSIWYG","name":"Tre\u015b\u0107","description":"Tre\u015b\u0107 strony","content":{"content":"\u003Cp\u003EWojew\u00f3dzki Szpital Neuropsychiatryczny im. dr. Emila Cyrana z siedzib\u0105 w Lubli\u0144cu, zwany dalej WSN lub Szpitalem jest podmiotem leczniczym nieb\u0119d\u0105cym przedsi\u0119biorc\u0105 w rozumieniu ustawy z dnia 15 kwietnia 2011 roku o dzia\u0142alno\u015bci leczniczej, prowadzonym w formie samodzielnego publicznego zak\u0142adu opieki zdrowotnej.\u003C\/p\u003E\n\u003Cdiv\u003EMisja Wojew\u00f3dzkiego Szpitala Neuropsychiatrycznego im. dr. Emila Cyrana z siedzib\u0105 w Lubli\u0144cu brzmi: \u201eLeczymy i pomagamy wr\u00f3ci\u0107 do r\u00f3l spo\u0142ecznych\u201d.\u003C\/div\u003E\n\u003Cdiv\u003EPodmiotem tworz\u0105cym WSN jest Wojew\u00f3dztwo \u015al\u0105skie.\u003C\/div\u003E\n\u003Cp\u003EW sk\u0142ad struktury organizacyjnej Wojew\u00f3dzkiego Szpitala Neuropsychiatrycznego im. dr. Emila Cyrana z siedzib\u0105 w Lubli\u0144cu wchodz\u0105 nast\u0119puj\u0105ce zak\u0142ady lecznicze, w kt\u00f3rych wykonywana jest dzia\u0142alno\u015b\u0107 lecznicza:\u003C\/p\u003E\n\u003Cul style=\u0022list-style-type: disc;\u0022\u003E\n\u003Cli\u003ESzpital;\n\u003Cdiv\u003E\u003C\/div\u003E\n\u003C\/li\u003E\n\u003Cli\u003EZak\u0142ad Opieku\u0144czo-Leczniczy Psychiatryczny;\n\u003Cdiv\u003E\u003C\/div\u003E\n\u003C\/li\u003E\n\u003Cli\u003EAmbulatoryjna Opieka Zdrowotna.\u003C\/li\u003E\n\u003C\/ul\u003E\n\u003Cdiv\u003EW Szpitalu funkcjonuje 8 Oddzia\u0142\u00f3w Ca\u0142odobowych, Oddzia\u0142 Dzienny Psychiatryczny (og\u00f3lny), Zesp\u00f3\u0142 Leczenia \u015arodowiskowego (domowego), Izba Przyj\u0119\u0107, 3 Poradnie Specjalistyczne, 4 Pracownie Diagnostyczne, Pracownia Fototerapii, Pracownia Wstrz\u0105s\u00f3w Elektrycznych oraz Apteka.\u003C\/div\u003E","promotion":false}},{"id":"93bd42ce-7312-11e9-90c1-000c290e6fc2","type":"Gallery","name":"Galeria","description":"Galeria"},{"id":"93bd956b-7312-11e9-90c1-000c290e6fc2","type":"Attachment","name":"Za\u0142\u0105czniki","description":"Za\u0142\u0105czniki do strony"},{"id":"d63e71ef-92cf-11f0-b976-00505697ccff","type":"PageThumbnail","name":"","description":"Miniaturka strony","content":[]}]}

Wojewódzki Szpital Neuropsychiatryczny im. dr. Emila Cyrana z siedzibą w Lublińcu

jednostki_Zwykła

Tytuł strony

Treść

Treść strony

<p>Wojewódzki Szpital Neuropsychiatryczny im. dr. Emila Cyrana z siedzibą w Lublińcu, zwany dalej WSN lub Szpitalem jest podmiotem leczniczym niebędącym przedsiębiorcą w rozumieniu ustawy z dnia 15 kwietnia 2011 roku o działalności leczniczej, prowadzonym w formie samodzielnego publicznego zakładu opieki zdrowotnej.</p>
<div>Misja Wojewódzkiego Szpitala Neuropsychiatrycznego im. dr. Emila Cyrana z siedzibą w Lublińcu brzmi: „Leczymy i pomagamy wrócić do ról społecznych”.</div>
<div>Podmiotem tworzącym WSN jest Województwo Śląskie.</div>
<p>W skład struktury organizacyjnej Wojewódzkiego Szpitala Neuropsychiatrycznego im. dr. Emila Cyrana z siedzibą w Lublińcu wchodzą następujące zakłady lecznicze, w których wykonywana jest działalność lecznicza:</p>
<ul style="list-style-type: disc;">
<li>Szpital;
<div></div>
</li>
<li>Zakład Opiekuńczo-Leczniczy Psychiatryczny;
<div></div>
</li>
<li>Ambulatoryjna Opieka Zdrowotna.</li>
</ul>
<div>W Szpitalu funkcjonuje 8 Oddziałów Całodobowych, Oddział Dzienny Psychiatryczny (ogólny), Zespół Leczenia Środowiskowego (domowego), Izba Przyjęć, 3 Poradnie Specjalistyczne, 4 Pracownie Diagnostyczne, Pracownia Fototerapii, Pracownia Wstrząsów Elektrycznych oraz Apteka.</div>

Załączniki

Załączniki do strony
